).
21
Let n(h) = -h**3 + 2*h**2 + 4. Suppose 4*s = 756 + 732. Suppose g - 5*d = 56, -g - s = -6*g + 2*d. Let o be (-2)/(-7) + g/28. What is n(o)?
-5
Let z(p) be the first derivative of -p**4/4 - 5*p**3/3 + 3*p**2 - 3*p - 2. Let q(a) = 4*a**2 + 4*a - 6. Let k be q(0). Give z(k).
-3
Suppose -y - 2 = 2*j, -2*j - 5*y = -j + 1. Let n(i) = 12*i + 1. Calculate n(j).
-11
Let i be 6/(-4)*952/(-204). Let a(h) = 3*h - 14. Give a(i).
7
Let g(d) be the second derivative of -d**4/4 - d**2/2 + 6*d. Let i be 1 - (0 + 1 - 2). What is g(i)?
-13
Let r(j) = j - 4. Suppose 3*n = -l + 12, n - 2 = 4*l + 2. Suppose 3*h - 7 = 3*i - 61, 2*i + 2*h - 28 = l. Suppose -27*t = -23*t + i. Calculate r(t).
-8
Let f = -5 - -7. Let s(x) be the second derivative of -x**5/60 + x**4/12 - x**3/2 + 4*x**2 - 10*x. Let t(k) be the first derivative of s(k). Calculate t(f).
-3
Let g(y) be the first derivative of 7 + 0*y - 3*y**2 + 1/2*y**3 - 1/8*y**4. Let r(n) be the second derivative of g(n). Calculate r(3).
-6
Let q(x) = 6*x**2 - 21*x - 2. Suppose -20 = 3*u + u + n, -4*u - 28 = -n. Let p(b) = 2*b**2 - 7*b - 1. Let s(i) = u*q(i) + 17*p(i). What is s(4)?
-9
Let z(a) = a. Suppose 8 = 5*v + 3*l, -3*l = 4*v + l. Let u(f) = 15*f + v - 3 - 13*f. Let b(h) = -3*u(h) + 8*z(h). Determine b(2).
1
Let w(z) = z**2 + 8*z - 11. Let s(f) = -132 + 264 - 131. Let c(u) = s(u) + w(u). Determine c(-9).
-1
Let f = 5 - 9. Suppose w - 4*w = 5*b - 42, 5*b + 3 = 2*w. Let k = f + w. Let z(d) = d. Determine z(k).
5
Let n(a) = 3*a**2 + 2*a - 1. Suppose 0 = p + 2. Let c be n(p). Let d(t) = c*t**2 + 4*t**2 - t**3 - 2*t**2 + 8 - 3*t**2. What is d(6)?
8
Let c(m) = m**2 + 9*m - 7. Let q be 1/(4/32)*(-3)/6. Let i be (q + 13)/(0 + -1). Determine c(i).
-7
Let i = -39 - -39. Let s(y) = -47 + 47 + i*y + 2*y. Calculate s(3).
6
Let b be -6*20/15 - -5. Let c(n) = -2*n**3 - 2*n**2 + 5*n + 4. Give c(b).
25
Let q(h) = 3*h**2 - 23*h - 3. Let l(r) = -5*r**2 + 36*r + 5. Let b(n) = 5*l(n) + 8*q(n). Calculate b(-3).
4
Let n(d) = 3*d**2 + 3*d. Let z(v) = 7*v**2 + 6*v - 1. Let q(s) = 5*n(s) - 2*z(s). Suppose 40*t + 62 = -98. Calculate q(t).
6
Let v(m) = m**2 - 6*m - 14. Suppose 0 = -u - 3*f + 2, -3*u + 0*u = 3*f - 18. What is v(u)?
2
Let u(s) = s + 5. Let y(i) = 6*i + 16. Let h(z) = -3*u(z) + y(z). Let f(t) = t**3 - 5*t**2 + 3*t + 2. Let p be 6/(-5)*(-10)/3. Let g be f(p). Determine h(g).
-5
Let n(s) = -s**3 - 4*s**2 - 2*s - 3. Suppose -51 + 180 = 3*v. Suppose -3*q + 2*j + 3*j + v = 0, q = j + 15. Suppose 4*y + q = -0*y. Determine n(y).
5
Let k(j) = 36*j - 68. Let r be k(2). Let m(b) be the second derivative of -b**4/12 + b**3/2 - 2*b**2 + b. Give m(r).
-8
Let z(c) = 394*c + 2 - 393*c - 8. What is z(-8)?
-14
Let h = 4 - 0. Suppose -5*w + 12 = -o, h*w - 13 = o - 4. Let i(n) = o*n + 1 + 23*n**2 - 24*n**2 + 0 + 0. What is i(2)?
3
Let c(m) = -m**3 + 14*m**2 + m - 8. Let a be c(14). Let w = 3 - a. Let z(f) = 44*f**3 + 42*f**3 + 0 - 85*f**3 + 4 - f. What is z(w)?
-20
Let l(y) = 72*y + 10 + 68*y - 141*y. Suppose 58*h - 25 = 53*h. What is l(h)?
5
Suppose -o - 6*t + 6 = -t, 3*o + 22 = 5*t. Let f(w) = w**3 - 6*w**2 + 4. Let j be f(6). Let y = o + j. Let c(n) = -n**2 + n - 4. Determine c(y).
-4
Let h = 16 + -28. Let a be (-4)/1 - h/4. Let f(j) = -8*j + 1. What is f(a)?
9
Let w(o) be the second derivative of -o**3 + 3*o**2/2 + 159*o. What is w(-6)?
39
Let d be -1*2*(-9)/6. Let f(u) = 1 - 3*u**3 + 5*u**2 + 4*u**3 + u - 2 - d*u. Let i(x) = x**3 + 11*x**2 + 5*x - 55. Let c be i(-10). Determine f(c).
9
Suppose 9*f + 22 = 49. Let j(m) = 5*m - 2. Suppose 3*c = -4*h - 0*h - 13, 3*c = -3*h - 9. Let y(l) = -9*l + 4. Let d(w) = h*y(w) - 7*j(w). What is d(f)?
1
Let o(b) = b**3 - 9*b**2 + 16*b - 5. Let z be o(7). Let v(n) = 3*n - 43. Let i(k) = -2*k + 29. Let m(l) = -8*i(l) - 5*v(l). What is m(z)?
-8
Let l(d) = -3*d + 6. Let u be (8/12)/(2/(-21)). Give l(u).
27
Let l(v) = -v**3 - 5*v**2 - 2*v + 1. Let z = 20 + -20. Let g(b) = -b**3 - 2*b + z*b + 2 + 0*b + 2*b**2 - 7*b**2. Let t(o) = -3*g(o) + 2*l(o). Calculate t(-4).
4
Let w(f) = -4 + 5*f**2 - f**2 - 10*f - 5*f**2 - 3. Let v be w(-9). Let r(g) = 2*g + 2. Give r(v).
6
Let w = -384 - -376. Let f(y) = y**3 + 7*y**2 - 8*y - 2. What is f(w)?
-2
Let f(w) = -5*w**2 + w. Let n(b) = -b**2 - b + 4. Let i be n(0). Suppose c + 7 = -4*p + 6*c, -2 = -i*p + 2*c. Determine f(p).
-18
Let a(d) be the first derivative of 2*d**2 + 2*d + 53. Let g(f) = f**2 - f. Let u be g(-1). What is a(u)?
10
Let x(h) = h + 15. Let m = 118 - 127. What is x(m)?
6
Let s = -47 - -40. Let d(v) = -4*v + 5. Let h(j) = -5*j + 4. Let b(k) = -6*d(k) + 5*h(k). Give b(s).
-3
Let o(f) = -19*f + 6. Let d(v) = 16*v - 8. Let i(z) = 6*d(z) + 5*o(z). Give i(22).
4
Let q(y) = -3*y**3 - 12*y**2 - 3*y. Let d = 17 - 12. Suppose d*u - 3*u = -10. Let h(p) = -2*p**3 - 6*p**2 - 2*p. Let l(v) = u*h(v) + 3*q(v). What is l(6)?
6
Let u(d) = -d**2 - 5*d + 37. Let h be u(-9). Suppose 5 + h = 2*c. Let l(g) = -g + 5. Give l(c).
2
Let u = -224 + 220. Let q(f) = -f**2 - 3*f + 5. Give q(u).
1
Let f(k) = -k**2 - k - 3. Let u(a) = -18*a + 39*a - 20*a - 5. Let p be u(2). Give f(p).
-9
Let c(a) be the first derivative of -a**3/3 - a**2 + 5*a + 492. What is c(5)?
-30
Let h(p) be the third derivative of -7*p**4/24 - 5*p**2. Let t(x) = x**3 + 4*x**2 - 3*x - 13. Let z be t(-4). Calculate h(z).
7
Let i(u) be the first derivative of u**2/2 - 17*u - 27. Calculate i(9).
-8
Let v(m) = -3*m - 3*m - 13 + 11*m - 3*m - 3*m. What is v(6)?
-19
Let n(w) = -1 + 1 - 5 + w + 1. Suppose -2*m - m + 7*m = 0. Calculate n(m).
-4
Let n(f) = f**3 - 6*f**2 - 9*f + 4. Let t(s) = -5*s**3 + 23*s**2 + 37*s - 17. Let v(c) = 9*n(c) + 2*t(c). Calculate v(-7).
2
Let l(j) = 2*j**2 - 2*j - 1. Let v be l(3). Let h = -14 + v. Let m(q) = q**3 + 2*q**2 + 2. Determine m(h).
-7
Let l(w) = 70*w**2 - 2*w - 2 + 0*w - 79*w**2. Determine l(-2).
-34
Suppose -5*h + 10 = 0, -h - h + 34 = 3*c. Let u be (-3)/(-2) - 5/c. Let p(x) = -2*x**3 - 2*x. Let y(k) = k. Let s(q) = -3*p(q) - 6*y(q). Calculate s(u).
6
Let s be (-3)/(-3 + 36/16). Let k be (-2 + (-70)/(-25))*30/s. Let l(a) = -3*a + 3. Determine l(k).
-15
Suppose 0 = -2*s + 16 + 10. Suppose 0 = -s*h + 8*h - 35. Let v(n) = n + 12. Calculate v(h).
5
Suppose -i - 5*x - 11 = 0, i - 4*x - 20 = -i. Let g(l) = 67*l + 4*l**3 - 71*l - 5*l**3 + 6*l**2. What is g(i)?
16
Let h(v) = 10*v**3 + v. Let m be 2/((-129)/86*4/3). Determine h(m).
-11
Let r(u) = -u**2 + 8*u - 7. Suppose 0 = g - 2*g + 35. Suppose -g*m - 8 = -39*m. Suppose -23 = -3*k - m. Determine r(k).
0
Let s(r) = 4*r**2 - 2*r + 2. Let c(u) = -3*u**2 + 2*u - 3. Let j(h) = 3*c(h) + 4*s(h). Suppose -4*w = 4*n + 4, 0 = 2*w + 2*w - 5*n + 4. Calculate j(w).
8
Suppose 4*z + 5 = -5*a, -3*a + 2*z - 2 = -7*a. Let f(s) = s**2 + s - 6. What is f(a)?
6
Let k(d) = -10*d + 6*d + 0*d**2 + 12*d - 10 - d**2. Calculate k(8).
-10
Let l(r) = r**3 + 5*r**2 + 2. Let w be l(-5). Let y(a) = 6*a**2 - w + 3 + 10*a - 3. Let m(f) = f**2 + f. Let o(j) = 5*m(j) - y(j). Give o(-5).
2
Suppose l + 60 = -3*l + 2*v, 3*v = 6. Let b = 13 + l. Let g(h) = 8*h**2 + h. Determine g(b).
7
Let n(z) = z + 8. Let x be n(-7). Let b = 15 - 15. Let a be (-2 - -1)*(b + x). Let c(o) = -10*o**2 - o - 1. Calculate c(a).
-10
Let p(b) = 3*b - b - 2089 + 2053. Give p(21).
6
Let r be (-30)/105 - (-2)/7. Let f(t) be the second derivative of 3*t - 3*t**2 + 1/3*t**3 + r. Calculate f(4).
2
Let p(z) = 2*z + 6. Suppose 10*q - 9*q + 6 = 0. What is p(q)?
-6
Let m be (36/24)/(9/12). Let i(p) be the third derivative of 0*p + 5/6*p**3 - m*p**2 - 1/60*p**5 + 0 + 1/6*p**4. Determine i(5).
0
Let o(d) be the third derivative of -d**5/60 + 7*d**4/24 - 5*d**3/6 + 15*d**2 - 6. What is o(4)?
7
Let c(u) be the second derivative of u**5/20 + 7*u**4/12 + u**3/6 - u**2 + 2*u. Let t = 119 - 115. Let q be (-7)/(-28) - 29/t. Determine c(q).
-9
Let v(h) = -2*h - h + 2*h - 8. Let g = 10852 + -10858. What is v(g)?
-2
Let b(u) be the second derivative of u**5/20 + 11*u**4/12 + u**3/3 + 7*u**2 - 2*u + 18. What is b(-11)?
-8
Let a(b) = -b**2 - 2*b + 6. Suppose -4*d + 7 = 3*f, 7*f - 12*f + 19 = 3*d. Determine a(f).
-29
Let v = 46 - 44. Suppose 4*n - w + 9 = -14, v*w = n - 3. Let c(r) be the second derivative of r**4/12 + 3*r**3/2 + 9*r**2/2 - r. Calculate c(n).
-5
Let q = -48 + 51. Let l(g) = g - 7. Determine l(q).
-4
Let x